rs of 13534?
2, 67, 101
What are the prime factors of 2153?
2153
List the prime factors of 21366.
2, 3, 1187
What are the prime factors of 4594?
2, 2297
What are the prime factors of 12050?
2, 5, 241
List the prime factors of 25161.
3, 8387
What are the prime factors of 16889?
16889
What are the prime factors of 12860?
2, 5, 643
What are the prime factors of 71365?
5, 7, 2039
What are the prime factors of 518?
2, 7, 37
What are the prime factors of 2235?
3, 5, 149
List the prime factors of 3755.
5, 751
List the prime factors of 59244.
2, 3, 4937
List the prime factors of 83240.
2, 5, 2081
What are the prime factors of 64620?
2, 3, 5, 359
What are the prime factors of 19475?
5, 19, 41
List the prime factors of 8616.
2, 3, 359
List the prime factors of 762.
2, 3, 127
List the prime factors of 3409.
7, 487
List the prime factors of 18839.
18839
List the prime factors of 2687.
2687
What are the prime factors of 15711?
3, 5237
List the prime factors of 2651.
11, 241
List the prime factors of 42127.
103, 409
What are the prime factors of 18675?
3, 5, 83
What are the prime factors of 65035?
5, 13007
What are the prime factors of 11639?
103, 113
What are the prime factors of 15554?
2, 7, 11, 101
What are the prime factors of 6653?
6653
What are the prime factors of 34387?
137, 251
List the prime factors of 1086.
2, 3, 181
What are the prime factors of 98926?
2, 49463
List the prime factors of 147867.
3, 23, 2143
List the prime factors of 14379.
3, 4793
List the prime factors of 35974.
2, 17987
List the prime factors of 36432.
2, 3, 11, 23
List the prime factors of 2172.
2, 3, 181
List the prime factors of 18629.
13, 1433
List the prime factors of 47176.
2, 5897
What are the prime factors of 54510?
2, 3, 5, 23, 79
What are the prime factors of 19246?
2, 9623
List the prime factors of 53615.
5, 10723
List the prime factors of 1769.
29, 61
What are the prime factors of 6201?
3, 13, 53
List the prime factors of 20412.
2, 3, 7
List the prime factors of 37.
37
List the prime factors of 187.
11, 17
List the prime factors of 4101.
3, 1367
List the prime factors of 464.
2, 29
List the prime factors of 26603.
37, 719
List the prime factors of 771.
3, 257
List the prime factors of 14412.
2, 3, 1201
What are the prime factors of 2775?
3, 5, 37
What are the prime factors of 1421?
7, 29
What are the prime factors of 1217?
1217
What are the prime factors of 27111?
3, 7, 1291
List the prime factors of 57.
3, 19
What are the prime factors of 150757?
41, 3677
List the prime factors of 68.
2, 17
What are the prime factors of 14981?
71, 211
What are the prime factors of 532?
2, 7, 19
What are the prime factors of 2419?
41, 59
List the prime factors of 1297.
1297
List the prime factors of 23392.
2, 17, 43
What are the prime factors of 1375?
5, 11
List the prime factors of 53885.
5, 13, 829
List the prime factors of 1459.
1459
What are the prime factors of 13101?
3, 11, 397
List the prime factors of 561.
3, 11, 17
What are the prime factors of 40428?
2, 3, 1123
List the prime factors of 13650.
2, 3, 5, 7, 13
List the prime factors of 43431.
3, 31, 467
What are the prime factors of 60305?
5, 7, 1723
What are the prime factors of 902?
2, 11, 41
What are the prime factors of 82557?
3, 9173
What are the prime factors of 31095?
3, 5, 691
List the prime factors of 27811.
7, 29, 137
What are the prime factors of 4472?
2, 13, 43
List the prime factors of 6493.
43, 151
List the prime factors of 332.
2, 83
What are the prime factors of 2472?
2, 3, 103
List the prime factors of 12813.
3, 4271
List the prime factors of 819.
3, 7, 13
List the prime factors of 11747.
17, 691
List the prime factors of 336.
2, 3, 7
What are the prime factors of 4808?
2, 601
What are the prime factors of 2267?
2267
List the prime factors of 1223.
1223
List the prime factors of 29897.
7, 4271
List the prime factors of 14605.
5, 23, 127
What are the prime factors of 9588?
2, 3, 17, 47
What are the prime factors of 531?
3, 59
What are the prime factors of 2464?
2, 7, 11
List the prime factors of 4042.
2, 43, 47
List the prime factors of 6281.
11, 571
List the prime factors of 9717.
3, 41, 79
What are the prime factors of 77725?
5, 3109
What are the prime factors of 75148?
2, 18787
List the prime factors of 3417.
3, 17, 67
List the prime factors of 2657.
2657
List the prime factors of 158805.
3, 5, 3529
List the prime factors of 7519.
73, 103
What are the prime factors of 3683?
29, 127
List the prime factors of 804.
2, 3, 67
What are the prime factors of 28266?
2, 3, 7, 673
List the prime factors of 3822.
2, 3, 7, 13
List the prime factors of 7976.
2, 997
List the prime factors of 4475.
5, 179
What are the prime factors of 91416?
2, 3, 13, 293
List the prime factors of 173028.
2, 3, 14419
List the prime factors of 20447.
7, 23, 127
List the prime factors of 1261.
13, 97
What are the prime factors of 1876?
2, 7, 67
What are the prime factors of 10288?
2, 643
What are the prime factors of 26513?
26513
What are the prime factors of 40942?
2, 11, 1861
List the prime factors of 30254.
2, 7, 2161
What are the prime factors of 3769?
3769
List the prime factors of 3925.
5, 157
List the prime factors of 4338.
2, 3, 241
What are the prime factors of 36713?
36713
List the prime factors of 18191.
18191
List the prime factors of 543.
3, 181
List the prime factors of 6014.
2, 31, 97
What are the prime factors of 40130?
2, 5, 4013
What are the prime factors of 364?
2, 7, 13
What are the prime factors of 1016?
2, 127
List the prime factors of 64966.
2, 11, 2953
What are the prime factors of 4457?
4457
What are the prime factors of 199?
199
List the prime factors of 53233.
53233
List the prime factors of 1088.
2, 17
List the prime factors of 35795.
5, 7159
List the prime factors of 9061.
13, 17, 41
List the prime factors of 530.
2, 5, 53
List the prime factors of 1113.
3, 7, 53
What are the prime factors of 80321?
31, 2591
What are the prime factors of 3129?
3, 7, 149
List the prime factors of 38673.
3, 4297
List the prime factors of 5746.
2, 13, 17
List the prime factors of 325.
5, 13
What are the prime factors of 904?
2, 113
List the prime factors of 49257.
3, 13, 421
List the prime factors of 11092.
2, 47, 59
What are the prime factors of 7438?
2, 3719
What are the prime factors of 247?
13, 19
What are the prime factors of 5093?
11, 463
What are the prime factors of 337?
337
What are the prime factors of 118901?
118901
List the prime factors of 1567.
1567
List the prime factors of 231.
3, 7, 11
What are the prime factors of 2559?
3, 853
What are the prime factors of 5154?
2, 3, 859
List the prime factors of 1667.
1667
List the prime factors of 2070.
2, 3, 5, 23
List the prime factors of 973.
7, 139
List the prime factors of 1828.
2, 457
List the prime factors of 898.
2, 449
What are the prime factors of 26498?
2, 13249
List the prime factors of 1029.
3, 7
What are the prime factors of 2320?
2, 5, 29
List the prime factors of 1244.
2, 311
What are the prime factors of 3531?
3, 11, 107
List the prime factors of 14501.
17, 853
What are the prime factors of 2563?
11, 233
List the prime factors of 2065.
5, 7, 59
List the prime factors of 7528.
2, 941
What are the prime factors of 3194?
2, 1597
What are the prime factors of 67833?
3, 7537
List the prime factors of 6535.
5, 1307
What are the prime factors of 428?
2, 107
List the prime factors of 50437.
31, 1627
What are the prime factors of 17884?
2, 17, 263
What are the prime factors of 9523?
89, 107
What are the prime factors of 12527?
12527
What are the prime factors of 17268?
2, 3, 1439
List the prime factors of 754.
2, 13, 29
What are the prime factors of 1053?
3, 13
List the prime factors of 2232.
2, 3, 31
What are the prime factors of 53893?
7, 7699
List the prime factors of 243.
3
What are the prime factors of 37280?
2, 5, 233
List the prime factors of 31525.
5, 13, 97
What are the prime factors of 153612?
2, 3, 17, 251
List the prime factors of 1102.
2, 19, 29
List the prime factors of 49153.
13, 19, 199
List the prime factors of 467.
467
What are the prime factors of 2149?
7, 307
List the prime factors of 6101.
6101
What are the prime factors of 276?
2, 3, 23
What are the prime factors of 444?
2, 3, 37
List the prime factors of 379.
379
What are the prime factors of